- 889. Suppose -4*z + 43 = -q. Is z prime?
False
Let f = 54 - 22. Let t = -13 + f. Is (4 - 3)*(t + 0) composite?
False
Let m(j) = -10*j + 5*j**2 - 2*j + 9*j + j**3 - 3 + j**2. Is m(4) a prime number?
False
Suppose 2*b + 5*t + 25 = 0, 0*t = -2*t - 6. Let w(h) = h**2 + h + 1. Let m(s) = 7*s**2 + 7*s + 8. Let i(z) = m(z) - 3*w(z). Is i(b) a composite number?
True
Let o = -2209 - -3840. Is o a prime number?
False
Let h be 1008 + -2 + (-4)/2. Suppose -8*q + h = -4*q. Is q composite?
False
Suppose 940 = 3*w + 232. Suppose -4*x = -0*x - w. Is x composite?
False
Let u(f) = f**2 - 8*f. Let s be u(-6). Suppose x + s = -41. Is x/(-10) + 6/4 composite?
True
Is 4 + -4 - (-129 + 2) a prime number?
True
Suppose 0 = -0*u + 2*u - 148. Let n(f) = -5*f + 1. Let g be n(-1). Suppose -u = 4*m - g*m. Is m composite?
False
Suppose 6182 = l + 5*j, -2*l + 2*j = -0*j - 12400. Is l composite?
False
Suppose -4*a = 2*f - 5*f - 12, 3*a = 3*f + 9. Let t be a/6*-6 + 7. Suppose -t*b + 2*b = -30. Is b prime?
False
Let x = 13 + 1. Let q be x + 0 - (-1)/1. Let b = q + 7. Is b composite?
True
Let l(f) = 5*f**2 + 15*f + 71. Is l(-16) a prime number?
False
Let w(y) = 4*y - 3. Let h be w(2). Suppose -2*r + h*q = -28, -2*r = q + q. Is (2 + 0)/(r/174) composite?
True
Let l = 23 - 19. Is 2333/2*(-2 + l) a prime number?
True
Is (7 + -2)*5786/10 a composite number?
True
Let m be -1 - -5 - (9 + 3). Let u(d) = -122*d + 9. Is u(m) a prime number?
False
Suppose -7*z + 3*z + 964 = 0. Suppose -4*c = -u - 4*u - z, 4*u - 173 = -3*c. Is c a composite number?
False
Suppose 0*r = 3*r + 33. Is ((-14)/8)/(r/484) prime?
False
Let y(u) = 8*u**2 + 6*u - 7. Is y(3) a composite number?
False
Suppose 3*m - 2*m = 358. Is m a composite number?
True
Suppose -2*r = -39 + 7. Let o = 17 + r. Is o prime?
False
Let p be 3 + 0/(8/(-2)). Is (-1 + -2)/p + 698 composite?
True
Let i = 217 - 314. Let s = -30 - i. Is s a prime number?
True
Is (10/(-15))/((-4)/462) a composite number?
True
Suppose 39 = 3*s - 0*s + 4*b, 2*s - 37 = b. Let g = s - 10. Suppose -d = -g*t + 4*t - 80, 4*d - 5*t = 327. Is d composite?
False
Let a(y) = 2*y**2 - 30*y - 10. Is a(23) a composite number?
True
Let g(h) = 21*h + 1. Let o be g(4). Let x = -26 + o. Is x prime?
True
Suppose 0 = -4*h + 1291 - 455. Is h composite?
True
Is (-3195)/(-10) + ((-5)/2 - -2) a prime number?
False
Is (0 + -1)/((1/(-2657))/1) a prime number?
True
Let z(b) = -b**3 + 5*b**2 + b + 3. Let y be z(5). Let l = y - 4. Suppose -l*u + 167 = 4*c + 27, 4*u - 144 = -5*c. Is u composite?
False
Is 2*1/(-2) + (-22148)/(-1) a prime number?
True
Let j be 38/8 + (-7)/(-28). Let a(q) = -q + j*q + 0*q + 6*q - 1. Is a(2) a prime number?
True
Suppose 0 = 2*f - 7*f - 4*n - 1, n = -4*f + 8. Suppose -238 = -5*j + 4*a, 0*j - f*a + 132 = 3*j. Is j a composite number?
True
Let w(x) = -x - 4. Let l be w(4). Let o be (4/(-16))/(2/l). Is 2/o + 17 + 3 a prime number?
False
Let c = -2 + 11. Suppose c = 5*s - 166. Is s prime?
False
Let d(b) = b**2 - 7*b - 13. Let r be d(11). Let m = r + -65. Let z = 59 + m. Is z a composite number?
True
Suppose -84 = -2*f - 2*f. Suppose -3*y + 18 = -f. Is y a composite number?
False
Suppose 5*b + 5 + 6 = o, -4*o - b = -2. Let s be (2/(-5))/(o/5). Is (21/(-2))/(s/4) composite?
True
Suppose 5*s + 1 = -19, 0 = w - 2*s - 4. Let k = 23 + w. Is k prime?
True
Let r(m) = 17*m + 51. Is r(10) prime?
False
Suppose k - 791 = 2*s - 3417, -5*k = 4*s - 5252. Is s a prime number?
False
Let x = -1399 + 2048. Is x a prime number?
False
Suppose 0*n = -n - 6. Let u = 13 + n. Is u composite?
False
Suppose 1 = -3*u - 2. Let i(p) = p. Let v be i(u). Is (0 - -59)/(2 + v) prime?
True
Let q(i) = 10*i. Let j be q(1). Suppose -j = 3*r - 58. Suppose -5*x + r = -x, -75 = -g + x. Is g prime?
True
Let k = 140 - 100. Suppose -3 + k = z. Is z a prime number?
True
Is ((-6)/2 - -2)*-789 a composite number?
True
Let u = 6330 - 4507. Is u composite?
False
Is 45 - (-1)/(1/(-2)) composite?
False
Let f = 1105 - -552. Is f a prime number?
True
Is (1/(-2))/(3/(-2922)) a composite number?
False
Suppose 10 + 5 = -v - 3*f, 5*f + 8 = 4*v. Let i = v - -3. Let l = i - -13. Is l a composite number?
False
Suppose 3*z = -0*z + 141. Suppose -2*f + z = -87. Is f a prime number?
True
Let b = 25 + -18. Let w = b + -2. Suppose w*a = a + 88. Is a a composite number?
True
Suppose -245 = -w + 494. Is w a composite number?
False
Suppose 428 = i + 3*i. Suppose 0 = 5*d - 2*r - 133, 3*d - r - i = -d. Let f = d - -10. Is f a prime number?
True
Suppose -2*g = -2*d - 146, g = -0*d + 2*d + 75. Is g a prime number?
True
Let d be (-8)/(-5) - 6/(-15). Suppose -d*g + 162 = -40. Let x = g - 48. Is x a prime number?
True
Let k(c) = 13*c**2 + 4*c - 13. Is k(-16) a composite number?
False
Let d be 83 + (0 - (-6)/(-3)). Let o = -14 + d. Is o prime?
True
Suppose -5*l - 76 = 189. Let g = l + 88. Is g a prime number?
False
Let h(t) = -t**2 + 6*t - 6. Suppose 5*i + 8 - 28 = 0. Let f be h(i). Suppose 2*u - 455 = -5*q - f*u, 0 = -2*q + 5*u + 182. Is q a composite number?
True
Let q(m) = m + 499. Is q(0) a composite number?
False
Suppose 0 = 2*l - q - 4, 3*l = -0*l - 2*q + 6. Suppose -3*p = -4*w + 850, -l*w = p - 2*p - 424. Is w prime?
True
Let r be -38 + 1 + -3 + 3. Is 2*(-2)/4*r composite?
False
Let k be ((-40)/(-12))/((-4)/(-6)). Suppose 10 = k*a - 0. Is a a prime number?
True
Let c = 8 + -13. Is 2/(-10) + (-556)/c prime?
False
Let i = -3 + 7. Suppose -4*h + 20 = 0, -h - 125 = -2*b + i. Is b prime?
True
Suppose -2*h + 9 = -5*h. Let j = 7 - 2. Let x = h + j. Is x composite?
False
Suppose 2*t = t + 157. Is t prime?
True
Let w(i) = i**2 + 2*i + 1. Let v be w(-3). Suppose 0 = 5*z - 20, 4*x - 2 = v*z + 2. Suppose x*p - 180 = -m, 3*p + 0*p = -3*m + 96. Is p a composite number?
False
Is -1 + 4/8*-4*-144 composite?
True
Let c be (-6)/(-2) + 39/1. Suppose -4*i + c = 2*m, 4*m + 45 = 5*i - m. Is i a prime number?
False
Is (-6276)/(-3) + (1 - 6/(-3)) prime?
False
Suppose 0 = -2*x + c + 71, 21 = 4*x - 5*c - 112. Is x prime?
True
Let y(b) = 57*b + 3. Let t be y(7). Is ((-21)/9)/((-2)/t) prime?
False
Suppose 2*o = 35 + 121. Let n be 12/o - (-24)/13. Suppose 2*c = -2*v + 300, n*v + 151 = c + 4*v. Is c a composite number?
False
Suppose -45 = -2*p + 113. Is p a prime number?
True
Let i(t) = 3*t**2 + 4*t + 4. Let h be i(-3). Let b be 2 + -3 - -11*h. Suppose 15 = g - b. Is g composite?
False
Let b be 3/(-3)*4/1. Is (-507)/(-1) - 16/b prime?
False
Let p(s) = s**2 - 6*s - 5. Let q be p(7). Let b(n) = 75*n - 1. Is b(q) prime?
True
Let l(i) = -4 - 2*i + 2 + 3. Is l(-6) prime?
True
Suppose 327 = 4*a - a. Let g = 0 + a. Is g a composite number?
False
Let i = -204 - -415. Is i a composite number?
False
Let p(i) = -471*i - 22. Is p(-5) a prime number?
True
Let l = -15 - -8. Let q = 3 - l. Is (-97)/(-9) + q/45 prime?
True
Let j = 0 + 0. Suppose -3*l = -5*l + 2*d + 14, 3*d + 18 = 2*l. Suppose v + v = j, -l*s = -v - 66. Is s a prime number?
False
Suppose -m + 15 = 2*m. Suppose -183 = -m*j + 152. Is j a prime number?
True
Let y be (2/(-6))/(2/(-12)). Is 223 - (-6)/((-6)/y) a composite number?
True
Suppose 0 = -0*k + 4*k - 20. Let c(s) = 12*s - 5. Is c(k) prime?
False
Let z = 11 - 9. Let u be (-3)/12 - (-42)/8. Suppose -2*a = -a - h - 146, -695 = -u*a - z*h. Is a composite?
True
Let p(w) = -w**3 + 4*w**2 - 10*w - 9. Is p(-6) composite?
True
Let j(x) = 86*x**3 - 3*x + 2. Let u(h) = -172*h**3 + 7*h - 5. Let p(w) = 7*j(w) + 3*u(w). Let o(l) = l**2 - l + 1. Let n be o(1). Is p(n) a prime number?
False
Suppose -4 = 2*x + 2*x, -v - 4*x = 0. Let h(o) = 2*o - 6. Let j be h(v). Suppose s + j*w = 31, 20 = 3*s - 3*w - 37. Is s prime?
True
Let k(p) = -12*p + 15. Is k(-8) a prime number?
False
Let i be 2*(61/2 + 3). Suppose -3*p + i = -44. Is p a prime number?
True
Let u = 51 + -29. Is u composite?
True
Is (-280)/12*(-6)/4 composite?
True
Let g = 1638 + -2451. Is g/(-2) - (-2)/4 a prime number?
False
Suppose 2*v - 2*q - 168 = 46, -575 = -5*v - 5*q. Is v a prime number?
False
Suppose -3*s + 4*q - 5 = -3, -12 = -4*s - 2*q. Suppose 4*j = -5*b + 427, -s*j + 4*b = 2*j - 472. Is j a composite number?
False
Suppose s + 8 = 10. Is 1/s + (-1170)/(-4) a prime number?
True
Let t be (-933)/6*2*-3. Is (-14)/49 + t/7 a composite number?
True
Let a(k) = -19*k - 1. Is a(-2) a composite number?
False
Let 